 -2*t + 4 = -3*w - 6. Let n = w - -4. Let a(h) = h**2 + 2. List the prime factors of a(n).
2
Let h = 170 + -95. What are the prime factors of h?
3, 5
Suppose z = 4*a - 40, 5*a = -0*z + 5*z + 35. Suppose 3*t - 58 - a = 0. What are the prime factors of t?
23
Let v(a) = -3*a**2 - 3*a**2 - 6*a + 5*a**2 + 2. Let d(l) = -l**3 - 8*l**2 + 9*l - 4. Let u be d(-9). What are the prime factors of v(u)?
2, 5
Suppose 5*v - 5 = -50. Let p = -7 + v. List the prime factors of p/(-3)*27/12.
2, 3
What are the prime factors of 8 + -7 + 36 + 1 + 0?
2, 19
Let p(a) = a - 8. Let d be p(8). Suppose d = -4*x + 5*x - 4. Suppose x*v = -v - i + 30, 0 = v + 5*i + 18. What are the prime factors of v?
7
Let q(k) = k**2 - 7*k + 25. List the prime factors of q(10).
5, 11
Let o = -238 + 434. What are the prime factors of o?
2, 7
Suppose -4*i + u - 40 = -i, -10 = i - u. Let x = i + 48. List the prime factors of x.
3, 11
Let l(u) = -u**3 + 8*u**2 - 6*u. Let k be l(7). What are the prime factors of k + (-4)/(-2) + 1?
2, 5
Let l(b) = b**2 + b - 3. Let c = -5 - -5. Let h be l(c). What are the prime factors of h + (1 - 2*-9)?
2
Let a(l) = l**2 - l + 10. Let z be a(0). Suppose -170 = z*w - 5*w. Let j = -20 - w. List the prime factors of j.
2, 7
Let w(g) = -g**3 + 10*g**2 + 10*g + 13. Let r be w(11). Suppose 7 = r*t - 15. What are the prime factors of t?
11
Let w(v) = -2*v**3 - v**2 + 3*v - 4. Let m be w(-3). List the prime factors of (m/10)/(4/40).
2
Let s = 45 + -19. List the prime factors of s.
2, 13
Let q(t) = -5*t**2 - 2*t. Let y(x) = x**2 - 1. Let p(h) = -q(h) - 4*y(h). What are the prime factors of p(-6)?
2, 7
Suppose 23 = -5*z + 8. Let o be 3/(-2)*4/z. Suppose -4*c + 10 = 3*n, c + 5*n - 4*n - o = 0. List the prime factors of c.
2
Let w = -73 - -140. Suppose -2*i - 3*i + s = -179, 2*i - 5*s = w. List the prime factors of i.
2, 3
Let x = 13 - 17. Let p(w) = w**3 + 5*w**2 - w. Let d be p(-5). List the prime factors of x + d + 0 + 1.
2
Let u(v) = v**2 + 2*v + 3. Let g be u(-3). What are the prime factors of (-117)/g*4/(-6)?
13
Let g = -8 + 12. What are the prime factors of -10*(-3 - (-2)/g)?
5
Let q(v) = 2*v**2 + 15*v - 9. Let j(l) = -l**2 - 7*l + 5. Let n(c) = 7*j(c) + 3*q(c). Let k be n(6). List the prime factors of (k/6)/(14/(-21)).
13
Let q be 1/2*(-2 + 2). Let j be (0 + 1 - 1)/3. Suppose q = -4*k - j*k + 24. What are the prime factors of k?
2, 3
Let d(m) = -m + 3. Let k = 3 - 4. Let r be 2 - (k + 7 - -2). List the prime factors of d(r).
3
Suppose 3*h = 3, 2*a - 8*h + 3*h = 65. List the prime factors of a.
5, 7
List the prime factors of -48*2/5*(-20)/12.
2
Let k(j) be the second derivative of -1/3*j**3 - j - 1/2*j**2 + 0 + 1/6*j**4. List the prime factors of k(-2).
11
Let t(j) = -3*j + 2. Let m be t(-2). Let x(b) = -b**2 + 11*b - 6. List the prime factors of x(m).
2, 3
Let r(o) = o**3 + 4*o**2 - 2*o - 4. Suppose 17*h - 22*h - 20 = 0. What are the prime factors of r(h)?
2
Let u(j) be the first derivative of -j**4/4 - 8*j**3/3 + 2*j**2 - 12*j - 2. What are the prime factors of u(-9)?
3, 11
Let k(m) = -25*m + 3. List the prime factors of k(-10).
11, 23
Let s = -71 - -103. List the prime factors of s.
2
Suppose -2*c + 2*k + 66 = -0*c, -106 = -3*c - 4*k. List the prime factors of c.
2, 17
List the prime factors of ((-251)/(-3) - 3) + 2/(-3).
2, 5
List the prime factors of (2 + 6)*(5 - 3).
2
Let b = 13 + -6. Let l = b - -13. Suppose 2*j - 4*n = l, j - 6 = 3*n + 7. List the prime factors of j.
2
Let u be (5/15)/((-1)/(-39)). Let r = -8 + u. List the prime factors of r.
5
Suppose 3*v = 2*v - 3. Let a = 5 - v. List the prime factors of a.
2
Suppose 10 = z - 2*r + 6*r, -2*r + 82 = 4*z. What are the prime factors of z?
2, 11
Let f(w) = 1 - w - 4*w + w - 2. What are the prime factors of f(-1)?
3
Let t = -83 + 202. List the prime factors of t.
7, 17
Let i be (3/(-1))/((-6)/10). Let a = -4 + i. List the prime factors of -1*a/(1/(-4)).
2
Suppose 8*c + 3*c - 858 = 0. What are the prime factors of c?
2, 3, 13
Suppose -3*b + 4*o - 3 = 0, 2*b - 3*b + 9 = 2*o. Suppose -63 = -0*i - b*i. Let w = -13 + i. What are the prime factors of w?
2
Suppose -3*m + a + 431 = 0, 3*m - 3*a - a - 437 = 0. What are the prime factors of m?
11, 13
List the prime factors of 198 + ((-90)/(-21) - 2/7).
2, 101
Let o be (-3)/12*-6*2. Let m = 0 + o. Suppose l = 0, -m*b + 2*l = 2 - 11. List the prime factors of b.
3
List the prime factors of (2 - (-3)/6)*588/30.
7
Let k(p) = -p - 9. What are the prime factors of k(-11)?
2
Let w be 8 + (0/3 - 3). Let y(c) = c + 6. What are the prime factors of y(w)?
11
Suppose 0 = -5*h + 95 + 240. Let u = 43 - h. What are the prime factors of (6/4)/((-3)/u)?
2, 3
List the prime factors of 14/(-28)*(-1 + -29).
3, 5
Let b(c) = -c**3 - 7*c**2 - 5*c + 7. Let q be b(-6). Let s = 1 - q. Suppose s = -3*n - 0*z - 2*z + 29, -z = 2*n - 18. What are the prime factors of n?
7
Suppose 0 = -2*p - 11 + 3. Let y = p - -1. List the prime factors of (y - -1)/(2/(-5)).
5
Let c be (0 - -2)/((-4)/(-6)). Let r(f) = -5 - f**3 + 3 + 3*f + 2*f**c + 5*f**2. List the prime factors of r(-3).
7
Suppose 4 = -4*g, -4*j - 3 + 11 = 4*g. Suppose 68 = j*w + w. What are the prime factors of w?
17
Suppose -3*b + 9 = 0, -3*c - 3*b = -2*b - 21. Let f(l) = -3 + 0*l + l - c*l. What are the prime factors of f(-4)?
17
Let r(f) = 4*f**2 - f**2 - f - 1 + 2 + 2*f**2. Let s be r(1). Suppose 0 = s*p + 1 - 36. List the prime factors of p.
7
Suppose 4*k = k. Suppose k*m + 13 = m. Let a = 24 - m. List the prime factors of a.
11
Let v = -18 + 1. Let w = v + 8. Let f = w + 20. What are the prime factors of f?
11
Let u(n) = n**2 - 13*n + 14. What are the prime factors of u(15)?
2, 11
Let u(w) = w - 1. Let s be u(3). Suppose -s*r + 45 = 3*r. List the prime factors of r.
3
Suppose 0 = -62*a + 64*a - 28. What are the prime factors of a?
2, 7
Let q = 7 + -4. Let s = -19 - -27. Suppose -q*x = -s*x + 55. What are the prime factors of x?
11
Let s(a) = a**2 - a - 7. Let m be s(0). Let f = m - -9. List the prime factors of f.
2
Let p = -11 + 5. Suppose 5*r - 54 = -2*q, 3*r = 2*q - 3*q + 32. Let f = p + r. What are the prime factors of f?
2
Let f(l) = -2*l**2 + 4*l + 1. Let c be f(4). Let s = c - -38. Let n = s - 11. What are the prime factors of n?
2, 3
Suppose 8 = -3*l + 44. Suppose -4 + l = s. List the prime factors of s.
2
List the prime factors of (42/9 + -4)/(4/1146).
191
What are the prime factors of ((-312)/32)/((-3)/8)?
2, 13
Let j(b) = -6*b. Suppose -17 = -4*i + 7. Let d be i/(-9) - 1/3. What are the prime factors of j(d)?
2, 3
Let d be ((-3)/(-6))/((-3)/(-84)). Let l = d + 1. List the prime factors of l.
3, 5
Let c be (-6)/((-14)/10 + 1). Let z(r) = -9*r + 8. Let d be z(-3). Suppose 5*b + 0*b - m = d, 3*m - c = 0. What are the prime factors of b?
2
Let f(v) be the first derivative of -v**2/2 + 7*v + 4. List the prime factors of f(4).
3
Let r = 26 - 16. What are the prime factors of ((-11)/(-5))/(r/50)?
11
Suppose -5*y + 5*h + 145 = 2*h, -116 = -4*y - 5*h. List the prime factors of y.
29
Suppose -3*x - 162 = -3*q - 0*q, -x = 3*q - 158. What are the prime factors of q?
53
Suppose d + 52 = 3*d. Let g = 8 + d. List the prime factors of g.
2, 17
Let f = -16 - -6. Let v = f - -15. Suppose v + 0 = o. What are the prime factors of o?
5
Suppose -8*l + 321 = -5*l. List the prime factors of l.
107
Let c = -2 + 14. Suppose 0*m - c = -4*m. List the prime factors of m.
3
Let h be ((-1)/(-3))/((-1)/(-9)). Let j(s) = -s**3 - s + 1. Let f be j(1). Let w = h + f. List the prime factors of w.
2
Let g = 1 - 4. Let v(l) = -l**2 + 2*l + 1. Let u(j) = -3*j - 1. Let c(s) = g*v(s) - 2*u(s). List the prime factors of c(2).
11
Let h be 2/(-2) + 46/2. Suppose 2*q - 28 = -5*b + 97, 0 = -b - q + h. List the prime factors of b.
3
Suppose -867 = -3*n - 5*o + 245, 360 = n - o. List the prime factors of n.
2, 7, 13
What are the prime factors of (-139)/(-6) + 9/(-54)?
23
Suppose -2*j = -0*j - 6. Suppose -j*q = -0*q - 2*n - 57, 5*q + 5*n = 95. List the prime factors of q.
19
Let p(s) = -s**3 + 8*s**2 - 10*s + 6. Suppose k - 3*u - 6 = 0, u + 12 = -k + 3*k. List the prime factors of p(k).
2, 3
Let p(u) be the first derivative of u**3/3 + 2*u**2 + 5*u + 1. Let r be p(-4). Suppose 4*q - r*q = -12. List the prime factors of q.
2, 3
Let y(i) = i**3 + 9*i**2 - 2*i - 12. Let g be y